 digit of 1712?
1
What is the tens digit of 4006?
0
What is the hundreds digit of 18754?
7
What is the tens digit of 4031?
3
What is the hundreds digit of 4151?
1
What is the thousands digit of 72713?
2
What is the tens digit of 683?
8
What is the tens digit of 3067?
6
What is the units digit of 41116?
6
What is the units digit of 8707?
7
What is the units digit of 124980?
0
What is the units digit of 241?
1
What is the tens digit of 37737?
3
What is the tens digit of 13646?
4
What is the tens digit of 678?
7
What is the tens digit of 1357?
5
What is the units digit of 217?
7
What is the units digit of 312?
2
What is the tens digit of 78337?
3
What is the thousands digit of 3871?
3
What is the thousands digit of 29260?
9
What is the thousands digit of 28709?
8
What is the ten thousands digit of 29744?
2
What is the thousands digit of 8412?
8
What is the units digit of 413?
3
What is the thousands digit of 35330?
5
What is the tens digit of 1203?
0
What is the thousands digit of 9468?
9
What is the units digit of 6919?
9
What is the thousands digit of 47737?
7
What is the thousands digit of 91759?
1
What is the ten thousands digit of 34967?
3
What is the hundreds digit of 1115?
1
What is the tens digit of 6803?
0
What is the units digit of 116356?
6
What is the ten thousands digit of 68365?
6
What is the ten thousands digit of 43362?
4
What is the hundreds digit of 483?
4
What is the tens digit of 44590?
9
What is the hundreds digit of 5318?
3
What is the tens digit of 619?
1
What is the hundreds digit of 14154?
1
What is the hundreds digit of 7580?
5
What is the hundreds digit of 24608?
6
What is the units digit of 132155?
5
What is the units digit of 1033?
3
What is the units digit of 6342?
2
What is the tens digit of 1015?
1
What is the tens digit of 25989?
8
What is the thousands digit of 26865?
6
What is the units digit of 433?
3
What is the thousands digit of 25449?
5
What is the hundreds digit of 8013?
0
What is the ten thousands digit of 34035?
3
What is the units digit of 5526?
6
What is the ten thousands digit of 16247?
1
What is the units digit of 16139?
9
What is the units digit of 1303?
3
What is the thousands digit of 4905?
4
What is the tens digit of 6548?
4
What is the hundreds digit of 4594?
5
What is the tens digit of 2171?
7
What is the tens digit of 43255?
5
What is the ten thousands digit of 17285?
1
What is the thousands digit of 152046?
2
What is the ten thousands digit of 68188?
6
What is the units digit of 59218?
8
What is the tens digit of 43903?
0
What is the units digit of 4438?
8
What is the ten thousands digit of 16483?
1
What is the units digit of 14372?
2
What is the units digit of 1668?
8
What is the tens digit of 16274?
7
What is the thousands digit of 1580?
1
What is the units digit of 69?
9
What is the units digit of 35775?
5
What is the hundreds digit of 2746?
7
What is the hundreds digit of 38423?
4
What is the thousands digit of 45610?
5
What is the tens digit of 901?
0
What is the thousands digit of 63753?
3
What is the tens digit of 301?
0
What is the thousands digit of 45305?
5
What is the thousands digit of 6177?
6
What is the hundreds digit of 7524?
5
What is the tens digit of 1528?
2
What is the units digit of 8238?
8
What is the hundreds digit of 58323?
3
What is the units digit of 696?
6
What is the ten thousands digit of 13961?
1
What is the thousands digit of 1584?
1
What is the tens digit of 14268?
6
What is the units digit of 144?
4
What is the hundreds digit of 2894?
8
What is the hundreds digit of 1421?
4
What is the hundreds digit of 2266?
2
What is the units digit of 4633?
3
What is the thousands digit of 5216?
5
What is the hundreds digit of 5869?
8
What is the hundreds digit of 243?
2
What is the tens digit of 131213?
1
What is the tens digit of 156815?
1
What is the hundreds digit of 2139?
1
What is the ten thousands digit of 113728?
1
What is the tens digit of 5210?
1
What is the ten thousands digit of 39186?
3
What is the units digit of 5259?
9
What is the hundreds digit of 25057?
0
What is the ten thousands digit of 18385?
1
What is the tens digit of 37916?
1
What is the ten thousands digit of 21265?
2
What is the tens digit of 83?
8
What is the hundreds digit of 2305?
3
What is the tens digit of 38844?
4
What is the hundreds digit of 34099?
0
What is the thousands digit of 4700?
4
What is the tens digit of 40392?
9
What is the units digit of 11393?
3
What is the ten thousands digit of 16243?
1
What is the tens digit of 476?
7
What is the thousands digit of 4431?
4
What is the hundreds digit of 275?
2
What is the thousands digit of 2912?
2
What is the thousands digit of 1711?
1
What is the thousands digit of 3525?
3
What is the hundreds digit of 8097?
0
What is the tens digit of 22842?
4
What is the hundreds digit of 765?
7
What is the units digit of 663?
3
What is the hundreds digit of 465?
4
What is the thousands digit of 5890?
5
What is the tens digit of 1345?
4
What is the units digit of 227?
7
What is the units digit of 74?
4
What is the units digit of 6572?
2
What is the hundreds digit of 1306?
3
What is the tens digit of 103181?
8
What is the units digit of 904?
4
What is the ten thousands digit of 15544?
1
What is the units digit of 284?
4
What is the tens digit of 1791?
9
What is the units digit of 7882?
2
What is the hundreds digit of 3197?
1
What is the tens digit of 445?
4
What is the units digit of 49498?
8
What is the thousands digit of 42246?
2
What is the tens digit of 3906?
0
What is the hundreds digit of 1422?
4
What is the tens digit of 57456?
5
What is the units digit of 34723?
3
What is the units digit of 19404?
4
What is the hundreds digit of 929?
9
What is the tens digit of 1980?
8
What is the tens digit of 9238?
3
What is the hundreds digit of 5579?
5
What is the units digit of 59813?
3
What is the tens digit of 49791?
9
What is the units digit of 787?
7
What is the units digit of 9146?
6
What is the tens digit of 8190?
9
What is the thousands digit of 1380?
1
What is the ten thousands digit of 26079?
2
What is the tens digit of 2889?
8
What is the units digit of 60147?
7
What is the hundreds digit of 47214?
2
What is the thousands digit of 6337?
6
What is the thousands digit of 134891?
4
What is the tens digit of 131?
3
What is the ten thousands digit of 15432?
1
What is the units digit of 106?
6
What is the tens digit of 39949?
4
What is the units digit of 91450?
0
What is the thousands digit of 7919?
7
What is the units digit of 12702?
2
What is the thousands digit of 2474?
2
What is the thousands digit of 31816?
1
What is the tens digit of 46835?
3
What is the tens digit of 20050?
5
What is the units digit of 21889?
9
What is the tens digit of 1343?
4
What is the thousands digit of 4600?
4
What is the tens digit of 842?
4
What is the units digit of 32913?
3
What is the thousands digit of 6981?
6
What is the tens digit of 68643?
4
What is the thousands digit of 3348?
3
What is the ten thousands digit of 104879?
0
What is the units digit of 7095?
5
What is the hundreds digit of 805?
8
What is the tens digit of 90357?
5
What is the tens digit of 3438?
3
What is the units digit of 15964?
4
What is the hundreds digit of 5728?
7
What is the thousands digit of 1294?
1
What is the units digit of 3587?
7
What is the hundreds digit of 78631?
6
What is the hundreds digit of 1082?
0
What is the tens digit of 816?
1
What is the tens digit of 24141?
4
What is the thousands digit of 4912?
4
What is the hundreds digit of 4538?
5
What is the tens digit of 898?
9
What is the hundreds digit of 39991?
9
What is the thousands digit of 12723?
2
What is the thousands digit of 44047?
4
What is the ten thousands digit of 74988?
7
What is the units digit of 36479?
9
What is the ten thousands digit of 21438?
2
What is the ten thousands digit of 16770?
1
What is the tens digit of 5352?
5
What is the hundreds digit of 92452?
4
What is the tens digit of 12686?
8
What is the units digit of 7139?
9
What is the hundreds digit of 3433?
4
What is the units digit of 925?
5
What is the ten thousands digit of 11501?
1
What is the thousands digit of 59580?
9
What is the hundred thousands digit of 112067?
1
What is the units digit of 3775?
5
What is the tens digit of 2703?
0
What is the unit